rs of p?
2, 3
Let r = 15 + -10. Suppose 31 = 2*j - r. What are the prime factors of j?
2, 3
Suppose 4*g + 4*k + 8 = 0, -2*g = k + 3 + 1. What are the prime factors of ((-1)/g)/(1/22)?
11
Let u = 3 + -2. Let x be (-1 + 2)*(u + 1). Suppose x*v + 7 = 19. List the prime factors of v.
2, 3
Suppose -3*y + 9 = 0, 3*y = -h - 0*h + 24. What are the prime factors of h?
3, 5
Suppose a - 15 = -2*b, a + 1 = 2*b - 4. Let m(z) = z**2 + 8*z + 5. Let v be m(-8). Suppose 2 = -b*f - 3, -y - v*f = -4. List the prime factors of y.
3
Suppose 0*c = 4*c. Suppose -2*d - 15 = -3*v - c*d, 3 = -d. Suppose -w - 4*w - g = -48, -45 = -4*w - v*g. List the prime factors of w.
3
Let n = -7 - -15. What are the prime factors of (30/n)/((-9)/(-60))?
5
Let j(t) = t**2 + 3*t - 7. Let z = 7 + -12. List the prime factors of j(z).
3
List the prime factors of -1 + 1914/14 - 6/(-21).
2, 17
Let m = 163 + -116. Let x = m - 31. What are the prime factors of x?
2
List the prime factors of (24 - -1) + (1 - 4).
2, 11
Let l be 1*(-2 - -16 - -3). Let a = 4 - 2. Suppose -l - 3 = -a*v. List the prime factors of v.
2, 5
Let o = 32 - -47. List the prime factors of o.
79
Let w(k) = k**2 - 6*k. Let o(m) = -m. Let n(q) = -11*o(q) + 2*w(q). Suppose -4*t + 9*t - 10 = 0. What are the prime factors of n(t)?
2, 3
Let d(z) = z**2 - 4*z - 4. Let t be d(7). Suppose 5*j = 3 + t. List the prime factors of 78/8 - 3/j.
3
Let r be (-3)/5 - 111/15. Let c(g) be the third derivative of g**6/120 + 7*g**5/60 - 7*g**4/24 + 11*g**3/6 + 2*g**2. What are the prime factors of c(r)?
3
Suppose -5*d = 381 - 126. Let b = -22 - d. What are the prime factors of b?
29
Let t be -1*1 + 48/(-6). Let w = t + 9. List the prime factors of 2 - (w - (2 + 1)).
5
Suppose 36*f - 35*f - 12 = 0. What are the prime factors of f?
2, 3
Let q(z) = -2*z - 3. Let x be q(-2). Let h be 4 - -6 - 2/x. Let b(i) = i**2 - 7*i - 6. What are the prime factors of b(h)?
2
Suppose 49 = 4*b + 5*n, 2*n + 10 = 5*b - 2*n. Let c = 12 - b. What are the prime factors of c?
2, 3
Let f be (6 - 5)/(2/14). Let u = f - -7. What are the prime factors of u?
2, 7
Let o be (-12)/(-1)*3/4. Suppose -2*i = -o - 5. What are the prime factors of i?
7
Let t(k) = -k**3 + 9*k**2 + k - 5. Let y be t(9). Let b(a) = -y*a + a**2 + 4*a + a. List the prime factors of b(-5).
2, 5
What are the prime factors of (99/2)/((-44)/(-264))?
3, 11
List the prime factors of 1/(0 + (-1)/(-38)).
2, 19
Let c(b) = b**3 + 5*b**2 - 7*b - 1. Let k be c(-6). Suppose 3*g + 1 = -k. Let u = g + 4. List the prime factors of u.
2
Let g(s) = -2*s**2 + 8*s - 7. Suppose -m = -4*u + 7, 4*m = -u - 2*u + 29. Let l be g(m). Let r = l + 28. What are the prime factors of r?
11
Let a(g) = -g**3 + 9*g**2 - 11*g + 2. Let s be a(8). Suppose 0 = 3*x - 6*x + 12. List the prime factors of (-62)/(-22) - x/s.
3
Let y(r) = -r - 3. Let a be y(-6). Let n = -1 + a. Suppose 4*b - 5*t - 8 = 0, -5*t + 1 = n*b - 3. List the prime factors of b.
2
Let j(l) = 2*l - 3. Let c be j(-4). Let r = c - -15. What are the prime factors of r?
2
Let j = -641 + 1074. What are the prime factors of j?
433
Let f(q) = -5 + 0*q + 0 + q**2 + 3*q. Let d be f(-4). List the prime factors of 1/(1/7) - d.
2
Let f be 6/27 - 214/(-9). Let c = f - 12. Suppose n + c = 4*n. List the prime factors of n.
2
Let s be (-3 + (-3)/(-1))/3. Let g(h) = -h + 0*h + 3 - 7 + s. What are the prime factors of g(-8)?
2
Let x be (3 + (-4)/2)*-43. List the prime factors of x/(-2) + (-1)/2.
3, 7
Let x = -1 - -4. Let j be (8/10)/((-3)/(-15)). Suppose 4*r + 2*o - 26 = 0, j*r + x = 5*o + 22. What are the prime factors of r?
2, 3
Let j be -8*1/(-6)*3. Suppose -3*c = 3*a - 4*c - 6, j*a = -4*c + 8. Suppose -2*n + 2*x + 13 = -n, a*x = -n + 1. What are the prime factors of n?
7
Suppose 3*g - 3*i - i + 64 = 0, 103 = -5*g + 3*i. Let l = 42 + g. What are the prime factors of l?
2, 11
Let g(y) = -2*y**2 - 41*y + 2. What are the prime factors of g(-20)?
2, 11
Let i(r) = -9*r + 21. What are the prime factors of i(-7)?
2, 3, 7
Let g(a) be the first derivative of -a**4/4 - 2*a**3/3 - a**2/2 + 2. Let h = -8 - -5. List the prime factors of g(h).
2, 3
Let y be (-3 + (-5)/(-2))*-6. Suppose 4 = 3*w - 5. What are the prime factors of y*4 - 9/w?
3
Let y(n) = -n**3 - 13*n**2 - 15. Let q be y(-13). Let k = q + 31. What are the prime factors of k?
2
Let u(t) = 9*t**2 + t - 1. Let z be u(1). Suppose h + z = -2*h, 3*o - 5*h - 117 = 0. What are the prime factors of o?
2, 17
Let u(j) = j**3 - j - 1. Let o be u(2). Let s = -131 - -236. Suppose -o*a - 30 = -s. List the prime factors of a.
3, 5
Let y(g) = -g**3 + 5*g**2 - 4*g - 5. Suppose 2*d = -5*a + 7*d + 5, 0 = 5*a - 2*d - 14. Let m be y(a). Let l = m + 14. List the prime factors of l.
3
Let d = -3 + -2. Let c(m) = m**3 + 5*m**2 - 3*m - 6. Let v be c(d). Let s = v + -6. What are the prime factors of s?
3
Let i(a) = a**2 - 11*a + 22. What are the prime factors of i(13)?
2, 3
Suppose 0*p + 88 = p. Suppose 2*k - 5*s + 7 = p, 0 = -k + 4*s + 48. What are the prime factors of k?
2, 7
Let g(z) = 2*z**2 - 2*z - 2. Let u be g(2). Suppose -170 = u*n - 7*n. List the prime factors of n.
2, 17
Suppose c - 14 = 3*n, -5 + 3 = -c - 3*n. Suppose 9 + c = l. What are the prime factors of l?
17
Let y(a) = 4*a - 5. Let u be -3*(-12)/(-9)*-1. Suppose -6*l + 3*l = -5*j + 26, 2*l = -u. List the prime factors of y(j).
11
Suppose -15 + 39 = 4*u. Suppose -u = -i + 1. What are the prime factors of i?
7
Let q be (-2)/4 - 2/4. Let s = q - -17. Suppose 24 = 4*j - s. What are the prime factors of j?
2, 5
Let t(d) = d**3 - 5*d**2 - d - 4. Let n be t(5). Let b = 21 + n. What are the prime factors of b?
2, 3
Let f be -6*(4/(-2))/4. Suppose -v - 8 = -f*v. Suppose -b + 0 + 5 = 0, -b = -a + v. What are the prime factors of a?
3
Let r(b) = 77*b**2 + 2*b. List the prime factors of r(-1).
3, 5
Suppose -7 = -3*k - 5*z + 29, 2*k + 5*z = 24. List the prime factors of ((-2)/3)/(k/(-702)).
3, 13
Let r = -6 - -10. Suppose -15 = 5*o, y - r*o = 4*y - 9. Let b = y - 4. What are the prime factors of b?
3
List the prime factors of 72/12*(-13)/(-2).
3, 13
Suppose -3*s + 105 = 2*s. List the prime factors of s.
3, 7
Let k = 202 - 62. What are the prime factors of k?
2, 5, 7
Suppose 8*i = 3*i. Suppose -3*p - 51 = -5*x + 29, i = -2*p. List the prime factors of x.
2
Let h = 66 - 10. Suppose 4*q - 2*q - h = 0. Suppose q = 5*o - 12. What are the prime factors of o?
2
Let s(r) = -r + 10. Let m be s(8). Let u(p) = p**3 + 12*p**m - 5 + 3*p - 7*p - 17*p**2. What are the prime factors of u(6)?
7
Let o = -7 - -7. Suppose -2*l + 3*l - 6 = o. Suppose 0 = 3*q - l. What are the prime factors of q?
2
Suppose -3*j = 2*j - 15. Suppose -36 = x - j*x. What are the prime factors of x?
2, 3
Let m = 0 - -4. Suppose -12 = m*v, -2*b + 2*v - 20 = 6*v. Let t = b - -10. List the prime factors of t.
2, 3
Let z = -7 + 11. Suppose 98 - 31 = 3*f + z*u, -4*u - 52 = -4*f. Suppose -4*h + f = -31. List the prime factors of h.
2, 3
Let d = 52 - 32. Suppose 2*f - d = -2*f. Suppose -2*i + 15 = 5*g - 5, 4*g - f*i = 49. What are the prime factors of g?
2, 3
Suppose 10 = 6*c - 8. What are the prime factors of c?
3
Suppose d + 1 = 0, -w = -4*d + 3 + 7. Let v = -2 - w. List the prime factors of v.
2, 3
Let v(b) = 22*b - 2. List the prime factors of v(2).
2, 3, 7
Suppose -2*i = 3*l - 105, 0 = -i + l + 73 - 8. Suppose -3*r + 8*r = 20, -t + i = 2*r. List the prime factors of t.
2, 13
Let i(f) = 6*f + 4. Let m be i(2). Suppose -2*v + 50 = n + m, -4*v + n + 56 = 0. What are the prime factors of v?
3, 5
Let b(a) = -a**2 - 7*a - 7. Let t be b(-5). Suppose -t*h = h - 24. List the prime factors of h.
2, 3
Let n be (-10)/(-6) + 3/9. Let k(z) = -4*z + 4*z**2 - 5*z + 3*z - 5*z**n. What are the prime factors of k(-5)?
5
Suppose -2*o = 2, -4*o + 100 = 3*f - 226. What are the prime factors of f?
2, 5, 11
Let v be 30/(5/((-15)/2)). Let z = v - -66. Suppose -4*c + z = -c. What are the prime factors of c?
7
Let k = 131 - 77. What are the prime factors of k?
2, 3
Let u be 18/(-12)*(-1 - -3). Let s be 7/3 - 2/u. Suppose h - 2*q + 7 = 2*q, -s*h - 2*q + 35 = 0. What are the prime factors of h?
3
Let l(o) = o**3 + o**2 + 3*o - 1. Let g be l(3). Suppose -57 = -3*v - 0*q - 3*q, -4*q = -4*v + g. What are the prime factors of v?
3, 5
Let b be (9/(-3))/3*50. Let r = -9 - b. Suppose -3*u +